{"id":235,"date":"2021-07-19T15:08:16","date_gmt":"2021-07-19T18:08:16","guid":{"rendered":"http:\/\/websites.sc.gov.br\/imetrosc\/?page_id=235"},"modified":"2021-07-19T15:08:16","modified_gmt":"2021-07-19T18:08:16","slug":"fiscalizacao-da-qualidade","status":"publish","type":"page","link":"https:\/\/imetro.sc.gov.br\/?page_id=235","title":{"rendered":"Fiscaliza\u00e7\u00e3o da Qualidade"},"content":{"rendered":"<p>Qualidade significa a demonstra\u00e7\u00e3o de que os requisitos especificados, relativos a um produto, processo, sistema, pessoa ou organismo s\u00e3o atendidos.<br \/>\nFonte: (<a href=\"https:\/\/www.inmetro.gov.br\/qualidade\/\" target=\"_blank\" rel=\"noopener\">https:\/\/www.inmetro.gov.br\/qualidade\/<\/a>)<\/p>\n<p>No universo de consumo, os produtos oferecidos pelo mercado apresentam uma variedade imensa de caracter\u00edsticas em suas composi\u00e7\u00f5es, formas e cores, sendo que muitos exibem propriedades que podem representar risco \u00e0 sa\u00fade ou seguran\u00e7a dos usu\u00e1rios ou ainda ao meio ambiente.<\/p>\n<p>Fiscaliza\u00e7\u00e3o de Produtos Certificados \/ Regulamentados<br \/>\nNeste contexto, para o Imetro\/SC, a qualidade \u00e9 o atendimento a requisitos especificados em normas e regulamentos t\u00e9cnicos, especialmente no que diz respeito aos aspectos de sa\u00fade, seguran\u00e7a e meio-ambiente. Dentre suas atribui\u00e7\u00f5es no \u00e2mbito da qualidade de produtos destacam-se:<\/p>\n<p>Fiscalizar o com\u00e9rcio de produtos de certifica\u00e7\u00e3o obrigat\u00f3ria, que oferecem risco \u00e0 seguran\u00e7a do consumidor ou meio ambiente tais como, por exemplo, pneus, fios e cabos, extintores de inc\u00eandio, brinquedos e preservativos. Atualmente s\u00e3o 53 produtos cuja certifica\u00e7\u00e3o \u00e9 compuls\u00f3ria no Brasil. J\u00e1 no \u00e2mbito volunt\u00e1rio, s\u00e3o mais de 80 produtos tamb\u00e9m contemplados por programas de certifica\u00e7\u00e3o.<\/p>\n<p>Fiscalizar o com\u00e9rcio de itens regulamentados como os produtos t\u00eaxteis, verificando a composi\u00e7\u00e3o de roupas de cama, mesa e banho, e como os materiais el\u00e9tricos como l\u00e2mpadas, tomadas, interruptores e disjuntores.<\/p>\n<p>O Imetro\/SC realiza diversas opera\u00e7\u00f5es especiais do Programa Nacional de Fiscaliza\u00e7\u00e3o de Produtos com Conformidade Regulamentada, como, por exemplo:<\/p>\n<ul>\n<li>Opera\u00e7\u00e3o Especial &#8220;Carnaval&#8221; &#8211; fiscalizada a seguran\u00e7a de brinquedos e preservativos masculinos;<\/li>\n<li>Opera\u00e7\u00e3o Especial &#8220;Volta as Aulas&#8221; &#8211; fiscalizadas as composi\u00e7\u00f5es t\u00eaxtil de uniformes escolares;<\/li>\n<li>Opera\u00e7\u00e3o Especial &#8220;Bebedouro&#8221; &#8211; fiscalizados a seguran\u00e7a el\u00e9trica de bebedouros;<\/li>\n<li>Opera\u00e7\u00e3o Especial &#8220;P\u00e1scoa&#8221; &#8211; fiscalizados brinquedos que acompanham produtos de P\u00e1scoa;<\/li>\n<li>Opera\u00e7\u00e3o Especial &#8220;Dia das m\u00e3es&#8221; &#8211; fiscalizados produtos t\u00eaxteis da linha feminina e mamadeira;<\/li>\n<li>Opera\u00e7\u00e3o Especial &#8220;Boa Viagem&#8221; &#8211; fiscalizada a seguran\u00e7a de pneus automotivos e de motocicletas e capacetes de motociclismo;<\/li>\n<li>Opera\u00e7\u00e3o Especial &#8220;GNV&#8221; &#8211; fiscalizados equipamentos que comp\u00f5e o sistema de GNV tais como redutor de press\u00e3o, tubula\u00e7\u00e3o de alta press\u00e3o, tubula\u00e7\u00e3o de baixa press\u00e3o, v\u00e1lvula de cilindro e suporte;<\/li>\n<li>Opera\u00e7\u00e3o Especial &#8220;Transporte Risco Zero&#8221; &#8211; fiscalizados ve\u00edculos e equipamentos que transportam produtos perigosos;<\/li>\n<li>Opera\u00e7\u00e3o Especial &#8220;Isqueiros&#8221; &#8211; fiscalizados isqueiros a g\u00e1s descart\u00e1veis e recarreg\u00e1veis;<\/li>\n<li>Opera\u00e7\u00e3o Especial &#8220;Dia das Crian\u00e7as&#8221; &#8211; fiscalizados brinquedos e produtos t\u00eaxteis da linha infantil.<\/li>\n<\/ul>\n","protected":false},"excerpt":{"rendered":"<p>Qualidade significa a demonstra\u00e7\u00e3o de que os requisitos especificados, relativos a um produto, processo, sistema, pessoa ou organismo s\u00e3o atendidos. Fonte: (https:\/\/www.inmetro.gov.br\/qualidade\/) No universo de&hellip;<\/p>\n","protected":false},"author":2,"featured_media":0,"parent":0,"menu_order":0,"comment_status":"closed","ping_status":"closed","template":"","meta":{"_lmt_disableupdate":"","_lmt_disable":"","footnotes":""},"publishpress_future_action":{"enabled":false,"date":"2026-04-12 14:57:59","action":"change-status","newStatus":"draft","terms":[],"taxonomy":""},"_links":{"self":[{"href":"https:\/\/imetro.sc.gov.br\/index.php?rest_route=\/wp\/v2\/pages\/235"}],"collection":[{"href":"https:\/\/imetro.sc.gov.br\/index.php?rest_route=\/wp\/v2\/pages"}],"about":[{"href":"https:\/\/imetro.sc.gov.br\/index.php?rest_route=\/wp\/v2\/types\/page"}],"author":[{"embeddable":true,"href":"https:\/\/imetro.sc.gov.br\/index.php?rest_route=\/wp\/v2\/users\/2"}],"replies":[{"embeddable":true,"href":"https:\/\/imetro.sc.gov.br\/index.php?rest_route=%2Fwp%2Fv2%2Fcomments&post=235"}],"version-history":[{"count":0,"href":"https:\/\/imetro.sc.gov.br\/index.php?rest_route=\/wp\/v2\/pages\/235\/revisions"}],"wp:attachment":[{"href":"https:\/\/imetro.sc.gov.br\/index.php?rest_route=%2Fwp%2Fv2%2Fmedia&parent=235"}],"curies":[{"name":"wp","href":"https:\/\/api.w.org\/{rel}","templated":true}]}}